
True
Does 6 divide 332?
False
Is 90 a multiple of 10?
True
Is 5763 even?
False
Does 135 divide 33615?
True
Does 28 divide 1568?
True
Is 108 a factor of 642?
False
Does 235 divide 12925?
True
Is 18172 a multiple of 154?
True
Is 515 a multiple of 3?
False
Is 8244 a multiple of 9?
True
Is 3768 a multiple of 8?
True
Does 10 divide 1830?
True
Does 20 divide 5802?
False
Does 9 divide 765?
True
Is 3 a factor of 1573?
False
Is 14 a multiple of 14?
True
Does 6 divide 1344?
True
Is 1372 a multiple of 14?
True
Is 885 a multiple of 59?
True
Is 455 a multiple of 91?
True
Does 32 divide 4800?
True
Is 19089 a multiple of 21?
True
Is 82302 a multiple of 10?
False
Is 274 a factor of 25235?
False
Is 14 a multiple of 14?
True
Is 167 a factor of 1880?
False
Is 18 a factor of 119860?
False
Is 7595 a multiple of 35?
True
Does 21 divide 1065?
False
Is 51 a factor of 2548?
False
Is 12582 a multiple of 27?
True
Is 4654 a multiple of 26?
True
Is 468 a multiple of 39?
True
Does 160 divide 10880?
True
Does 153 divide 32154?
False
Is 25 a factor of 575?
True
Is 495 a multiple of 7?
False
Does 34 divide 73267?
False
Is 35 a factor of 1190?
True
Is 12 a factor of 159?
False
Is 630 a multiple of 42?
True
Is 40 a factor of 688?
False
Is 105 a factor of 14595?
True
Does 10 divide 940?
True
Is 21 a factor of 231?
True
Is 549 a multiple of 50?
False
Is 302 a multiple of 2?
True
Does 7 divide 1707?
False
Does 47 divide 1812?
False
Is 5 a factor of 1399?
False
Does 6 divide 6054?
True
Is 6554 a multiple of 29?
True
Does 2 divide 506?
True
Is 42 a factor of 6048?
True
Is 21579 a multiple of 36?
False
Does 15 divide 2415?
True
Is 165 a multiple of 29?
False
Is 3 a factor of 199?
False
Does 11 divide 34051?
False
Is 1638 a multiple of 117?
True
Is 2673 a multiple of 9?
True
Is 172 a multiple of 43?
True
Does 3 divide 183?
True
Is 14 a factor of 1050?
True
Is 1825 a multiple of 73?
True
Is 180 a multiple of 12?
True
Is 14763 a multiple of 14?
False
Is 7906 a multiple of 67?
True
Is 170 a factor of 20400?
True
Does 19 divide 3249?
True
Is 18067 a multiple of 89?
True
Is 9744 a multiple of 174?
True
Is 1174 a multiple of 42?
False
Does 11 divide 495?
True
Is 24 a factor of 8280?
True
Is 27 a factor of 9801?
True
Does 7 divide 98?
True
Is 43 a multiple of 13?
False
Does 18 divide 126?
True
Does 7 divide 63?
True
Is 1435 a multiple of 6?
False
Is 49 a factor of 4730?
False
Is 607 a multiple of 31?
False
Does 100 divide 10800?
True
Is 81 a multiple of 9?
True
Is 336 a multiple of 9?
False
Does 7 divide 245?
True
Does 9 divide 1467?
True
Is 13 a factor of 282?
False
Does 12 divide 16116?
True
Is 39 a factor of 71364?
False
Is 6285 a multiple of 16?
False
Is 16907 a multiple of 15?
False
Is 23 a factor of 11848?
False
Does 34 divide 884?
True
Is 9 a factor of 1560?
False
Does 71 divide 12141?
True
Does 74 divide 19684?
True
Is 8155 a multiple of 5?
True
Does 5 divide 1032?
False
Is 14 a factor of 19908?
True
Is 2340 a multiple of 15?
True
Is 148 a multiple of 38?
False
Is 32 a factor of 430?
False
Is 31460 a multiple of 20?
True
Is 3315 a multiple of 54?
False
Is 1646 a multiple of 4?
False
Does 7 divide 94?
False
Is 94 a factor of 63250?
False
Does 28 divide 4116?
True
Is 97 a factor of 67171?
False
Does 198 divide 21780?
True
Does 238 divide 238?
True
Does 77 divide 27181?
True
Does 68 divide 7088?
False
Is 59 a factor of 6549?
True
Does 78 divide 2527?
False
Is 9 a multiple of 9?
True
Is 2 a factor of 70?
True
Does 67 divide 5628?
True
Is 74283 a multiple of 11?
True
Is 576 a multiple of 33?
False
Is 22 a factor of 20614?
True
Is 33 a factor of 715?
False
Is 87 a factor of 12702?
True
Does 67 divide 8113?
False
Does 8 divide 311?
False
Does 28 divide 627?
False
Is 54 a factor of 15209?
False
Does 27 divide 64638?
True
Is 63 a factor of 2449?
False
Is 167 a factor of 67511?
False
Does 4 divide 746?
False
Is 35 a factor of 6055?
True
Does 3 divide 3585?
True
Is 52 a factor of 71749?
False
Is 2846 a multiple of 3?
False
Is 40 a factor of 1662?
False
Does 5 divide 1178?
False
Is 2016 a multiple of 18?
True
Is 104 a factor of 4888?
True
Is 33195 a multiple of 281?
False
Does 19 divide 1748?
True
Is 96931 a multiple of 31?
False
Is 242 a multiple of 22?
True
Is 46 a multiple of 3?
False
Is 1632 a multiple of 8?
True
Is 2883 a multiple of 10?
False
Is 536 a multiple of 12?
False
Is 3375 a multiple of 24?
False
Is 9824 a multiple of 26?
False
Is 23 a multiple of 16?
False
Is 13 a factor of 6721?
True
Is 4 a factor of 138?
False
Does 118 divide 2605?
False
Is 34 a factor of 1945?
False
Is 37 a factor of 7887?
False
Is 28938 a multiple of 25?
False
Is 5525 a multiple of 7?
False
Is 7 a factor of 1354?
False
Is 2288 a multiple of 88?
True
Is 308 a multiple of 44?
True
Is 13182 a multiple of 169?
True
Is 8545 even?
False
Is 6118 a multiple of 7?
True
Is 29 a factor of 280?
False
Does 29 divide 86?
False
Is 34 a factor of 2277?
False
Does 130 divide 29120?
True
Is 21 a factor of 143?
False
Is 55902 a multiple of 66?
True
Does 30 divide 15505?
False
Does 21 divide 50?
False
Does 26 divide 156?
True
Is 48943 a multiple of 7?
False
Is 71 a factor of 1900?
False
Is 38 a factor of 36407?
False
Does 27 divide 4185?
True
Is 342 a multiple of 38?
True
Is 142 a multiple of 11?
False
Is 924 a multiple of 22?
True
Is 6300 a multiple of 10?
True
Does 8 divide 101?
False
Is 420 a multiple of 2?
True
Does 3 divide 14937?
True
Is 144 a factor of 21827?
False
Is 9197 a multiple of 103?
False
Does 15 divide 76?
False
Does 48 divide 228?
False
Is 5 a factor of 230?
True
Is 1349 a multiple of 19?
True
Does 3 divide 9933?
True
Is 4 a factor of 180?
True
Does 20 divide 9720?
True
Is 8 a factor of 1952?
True
Does 4 divide 260?
True
Is 165 a factor of 1320?
True
Is 85 a factor of 30722?
False
Is 1168 a multiple of 8?
True
Is 232 a factor of 29439?
False
Does 19 divide 92929?
True
Does 6 divide 14598?
True
Is 131 a factor of 3420?
False
Does 121 divide 242?
True
Is 65 a factor of 1454?
False
Is 16507 a multiple of 151?
False
Is 4 a factor of 2084?
True
Is 117 a factor of 3214?
False
Is 243 a multiple of 3?
True
Does 230 divide 30290?
False
Does 117 divide 234?
True
Is 17 a factor of 8619?
True
Is 10282 a multiple of 32?
False
Does 12 divide 45514?
False
Does 125 divide 12667?
False
Does 69 divide 17526?
True
Is 8148 a multiple of 14?
True
Does 38 divide 62820?
False
Does 31 divide 4703?
False
Is 1040 a multiple of 20?
True
Is 9 a factor of 6525?
True
Is 27 a multiple of 3?
True
Is 38 a factor of 1064?
True
Is 14060 a multiple of 148?
True
Does 4 divide 5874?
False
Is 8717 even?
False
Is 12648 a multiple of 136?
True
Does 12 divide 1709?
False
Is 4 a factor of 950?
False
Is 3304 a multiple of 28?
True
Does 40 divide 2231?
False
Is 92 a factor of 1100?
False
Does 39 divide 15786?
False
Is 45 a multiple of 13?
False
Is 1352 a multiple of 6?
False
Does 113 divide 837?
False
Is 131 a factor of 243?
False
Does 182 divide 48749?
False
Is 15 a factor of 2310?
True
Does 11 divide 55?
True
Is 196 a factor of 11026?
False
Is 10 a factor of 390?
True
Is 7 a factor of 1272?
False
Does 17 divide 1649?
True
Is 156 a multiple of 13?
True
Is 6916 a multiple of 76?
True
Does 63 divide 882?
True
Is 50 a factor of 3287?
False
Does 10 divide 99?
False
Does 54 divide 3726?
True
Is 11660 a multiple of 20?
True
Is 669 a multiple of 4?
False
Does 4 divide 33?
False
Is 2881 a multiple of 43?
True
Does 6 divide 7433?
False
Is 960 a multiple of 5?
True
Is 310 a multiple of 4?
False
Is 23315 a multiple of 43?
False
Does 7 divide 527?
False
Is 2750 even?
True
Is 217 a factor of 7583?
False
Is 9 a factor of 162?
True
Does 20 divide 79747?
False
Is 380 a multiple of 25?
False
Is 5357 a multiple of 6?
False
Is 9088 a multiple of 76?
False
Is 17 a factor of 1143?
False
Is 24 a factor of 428?
False
Is 994 a multiple of 26?
False
Is 17 a factor of 25779?
False
Is 44 a factor of 4948?
False
Is 12 a factor of 3720?
True
Is 1963 a multiple of 3?
False
Is 10980 a multiple of 4?
True
Does 111 divide 18100?
False
Does 102 divide 990?
False
Is 150 a factor of 31755?
False
Is 25615 a multiple of 41?
False
Is 7 a factor of 1941?
False
Does 49 divide 3234?
True
Is 713 a multiple of 64?
False
Is 48 a factor of 2314?
False
Is 10 a factor of 88?
False
Does 44 divide 